{"id":655,"date":"2020-01-20T04:34:54","date_gmt":"2020-01-20T07:34:54","guid":{"rendered":"https:\/\/www.pousadacajuva.com.br\/site\/?page_id=655"},"modified":"2020-01-20T04:55:40","modified_gmt":"2020-01-20T07:55:40","slug":"quem-somos","status":"publish","type":"page","link":"https:\/\/www.pousadacajuva.com.br\/site\/quem-somos\/","title":{"rendered":"Quem somos"},"content":{"rendered":"<p>A Pousada Cajuv\u00e1 \u00e9 de ambiente familiar, administrada pelos propriet\u00e1rios. O ambiente \u00e9 aconchegante e o atendimento \u00e9 um grande diferencial, feito com muito carinho e aten\u00e7\u00e3o. <br>O caf\u00e9 da manh\u00e3 \u00e9 apreciado em um ambiente silencioso com vista panor\u00e2mica para as montanhas. A Pousada possui uma localiza\u00e7\u00e3o privilegiada sentido aos pontos tur\u00edsticos e apenas 5 km do centro de Urubici (no asfalto).<\/p>\n<p><\/p>\n\n\n<figure style=\"width:600px;height:300px\" class=\"wp-block-cgb-block-algori-360-image aligncenter\"><a-scene loading-screen=\"enabled: false;\" embedded=\"\"><a-entity camera=\"\" look-controls=\"reverseMouseDrag: true\"><\/a-entity><a-sky src=\"https:\/\/www.pousadacajuva.com.br\/site\/wp-content\/uploads\/2020\/01\/cajuva_air-1.jpg\"><\/a-sky><\/a-scene><\/figure>\n\n\n\n<figure class=\"wp-block-image size-large\"><img loading=\"lazy\" width=\"700\" height=\"394\" class=\"wp-image-420 aligncenter\" src=\"https:\/\/www.pousadacajuva.com.br\/site\/wp-content\/uploads\/2017\/07\/DJI_0003-.png\" alt=\"\" srcset=\"https:\/\/www.pousadacajuva.com.br\/site\/wp-content\/uploads\/2017\/07\/DJI_0003-.png 700w, https:\/\/www.pousadacajuva.com.br\/site\/wp-content\/uploads\/2017\/07\/DJI_0003--600x338.png 600w, https:\/\/www.pousadacajuva.com.br\/site\/wp-content\/uploads\/2017\/07\/DJI_0003--300x169.png 300w, https:\/\/www.pousadacajuva.com.br\/site\/wp-content\/uploads\/2017\/07\/DJI_0003--370x208.png 370w\" sizes=\"(max-width: 700px) 100vw, 700px\" \/><\/figure>\n\n\n\n<div class=\"wp-block-image is-style-default\">\n<figure class=\"aligncenter size-large\"><img loading=\"lazy\" width=\"1024\" height=\"576\" class=\"wp-image-426 alignleft\" src=\"https:\/\/www.pousadacajuva.com.br\/site\/wp-content\/uploads\/2017\/07\/DJI_0025-1024x576.jpg\" alt=\"\" srcset=\"https:\/\/www.pousadacajuva.com.br\/site\/wp-content\/uploads\/2017\/07\/DJI_0025-1024x576.jpg 1024w, https:\/\/www.pousadacajuva.com.br\/site\/wp-content\/uploads\/2017\/07\/DJI_0025-600x338.jpg 600w, https:\/\/www.pousadacajuva.com.br\/site\/wp-content\/uploads\/2017\/07\/DJI_0025-300x169.jpg 300w, https:\/\/www.pousadacajuva.com.br\/site\/wp-content\/uploads\/2017\/07\/DJI_0025-768x432.jpg 768w, https:\/\/www.pousadacajuva.com.br\/site\/wp-content\/uploads\/2017\/07\/DJI_0025-370x208.jpg 370w\" sizes=\"(max-width: 1024px) 100vw, 1024px\" \/><\/figure>\n<\/div>\n\n\n\n\n\t\t<style type=\"text\/css\">\n\t\t\t#gallery-1 {\n\t\t\t\tmargin: auto;\n\t\t\t}\n\t\t\t#gallery-1 .gallery-item {\n\t\t\t\tfloat: left;\n\t\t\t\tmargin-top: 10px;\n\t\t\t\ttext-align: center;\n\t\t\t\twidth: 25%;\n\t\t\t}\n\t\t\t#gallery-1 img {\n\t\t\t\tborder: 2px solid #cfcfcf;\n\t\t\t}\n\t\t\t#gallery-1 .gallery-caption {\n\t\t\t\tmargin-left: 0;\n\t\t\t}\n\t\t\t\/* see gallery_shortcode() in wp-includes\/media.php *\/\n\t\t<\/style>\n\t\t<div id='gallery-1' class='gallery galleryid-655 gallery-columns-4 gallery-size-medium'><dl class='gallery-item'>\n\t\t\t<dt class='gallery-icon portrait'>\n\t\t\t\t<img width=\"236\" height=\"300\" src=\"https:\/\/www.pousadacajuva.com.br\/site\/wp-content\/uploads\/2020\/01\/10700567_700062873421315_8726164149763723820_o-236x300.jpg\" class=\"attachment-medium size-medium\" alt=\"\" loading=\"lazy\" srcset=\"https:\/\/www.pousadacajuva.com.br\/site\/wp-content\/uploads\/2020\/01\/10700567_700062873421315_8726164149763723820_o-236x300.jpg 236w, https:\/\/www.pousadacajuva.com.br\/site\/wp-content\/uploads\/2020\/01\/10700567_700062873421315_8726164149763723820_o-807x1024.jpg 807w, https:\/\/www.pousadacajuva.com.br\/site\/wp-content\/uploads\/2020\/01\/10700567_700062873421315_8726164149763723820_o-768x975.jpg 768w, https:\/\/www.pousadacajuva.com.br\/site\/wp-content\/uploads\/2020\/01\/10700567_700062873421315_8726164149763723820_o-370x470.jpg 370w, https:\/\/www.pousadacajuva.com.br\/site\/wp-content\/uploads\/2020\/01\/10700567_700062873421315_8726164149763723820_o-600x762.jpg 600w, https:\/\/www.pousadacajuva.com.br\/site\/wp-content\/uploads\/2020\/01\/10700567_700062873421315_8726164149763723820_o.jpg 865w\" sizes=\"(max-width: 236px) 100vw, 236px\" \/>\n\t\t\t<\/dt><\/dl><dl class='gallery-item'>\n\t\t\t<dt class='gallery-icon landscape'>\n\t\t\t\t<img width=\"300\" height=\"260\" src=\"https:\/\/www.pousadacajuva.com.br\/site\/wp-content\/uploads\/2020\/01\/10679738_700064573421145_6744890653834516080_o-300x260.jpg\" class=\"attachment-medium size-medium\" alt=\"\" loading=\"lazy\" srcset=\"https:\/\/www.pousadacajuva.com.br\/site\/wp-content\/uploads\/2020\/01\/10679738_700064573421145_6744890653834516080_o-300x260.jpg 300w, https:\/\/www.pousadacajuva.com.br\/site\/wp-content\/uploads\/2020\/01\/10679738_700064573421145_6744890653834516080_o-1024x886.jpg 1024w, https:\/\/www.pousadacajuva.com.br\/site\/wp-content\/uploads\/2020\/01\/10679738_700064573421145_6744890653834516080_o-768x665.jpg 768w, https:\/\/www.pousadacajuva.com.br\/site\/wp-content\/uploads\/2020\/01\/10679738_700064573421145_6744890653834516080_o-370x320.jpg 370w, https:\/\/www.pousadacajuva.com.br\/site\/wp-content\/uploads\/2020\/01\/10679738_700064573421145_6744890653834516080_o-600x519.jpg 600w, https:\/\/www.pousadacajuva.com.br\/site\/wp-content\/uploads\/2020\/01\/10679738_700064573421145_6744890653834516080_o.jpg 1035w\" sizes=\"(max-width: 300px) 100vw, 300px\" \/>\n\t\t\t<\/dt><\/dl><dl class='gallery-item'>\n\t\t\t<dt class='gallery-icon portrait'>\n\t\t\t\t<img width=\"283\" height=\"300\" src=\"https:\/\/www.pousadacajuva.com.br\/site\/wp-content\/uploads\/2020\/01\/10671482_700052270089042_2521272268530888933_n-283x300.jpg\" class=\"attachment-medium size-medium\" alt=\"\" loading=\"lazy\" srcset=\"https:\/\/www.pousadacajuva.com.br\/site\/wp-content\/uploads\/2020\/01\/10671482_700052270089042_2521272268530888933_n-283x300.jpg 283w, https:\/\/www.pousadacajuva.com.br\/site\/wp-content\/uploads\/2020\/01\/10671482_700052270089042_2521272268530888933_n-768x814.jpg 768w, https:\/\/www.pousadacajuva.com.br\/site\/wp-content\/uploads\/2020\/01\/10671482_700052270089042_2521272268530888933_n-370x392.jpg 370w, https:\/\/www.pousadacajuva.com.br\/site\/wp-content\/uploads\/2020\/01\/10671482_700052270089042_2521272268530888933_n-600x636.jpg 600w, https:\/\/www.pousadacajuva.com.br\/site\/wp-content\/uploads\/2020\/01\/10671482_700052270089042_2521272268530888933_n.jpg 846w\" sizes=\"(max-width: 283px) 100vw, 283px\" \/>\n\t\t\t<\/dt><\/dl><dl class='gallery-item'>\n\t\t\t<dt class='gallery-icon portrait'>\n\t\t\t\t<img width=\"198\" height=\"300\" src=\"https:\/\/www.pousadacajuva.com.br\/site\/wp-content\/uploads\/2020\/01\/10658920_700062976754638_404722355586994042_o-198x300.jpg\" class=\"attachment-medium size-medium\" alt=\"\" loading=\"lazy\" srcset=\"https:\/\/www.pousadacajuva.com.br\/site\/wp-content\/uploads\/2020\/01\/10658920_700062976754638_404722355586994042_o-198x300.jpg 198w, https:\/\/www.pousadacajuva.com.br\/site\/wp-content\/uploads\/2020\/01\/10658920_700062976754638_404722355586994042_o-676x1024.jpg 676w, https:\/\/www.pousadacajuva.com.br\/site\/wp-content\/uploads\/2020\/01\/10658920_700062976754638_404722355586994042_o-768x1163.jpg 768w, https:\/\/www.pousadacajuva.com.br\/site\/wp-content\/uploads\/2020\/01\/10658920_700062976754638_404722355586994042_o-370x560.jpg 370w, https:\/\/www.pousadacajuva.com.br\/site\/wp-content\/uploads\/2020\/01\/10658920_700062976754638_404722355586994042_o-600x909.jpg 600w, https:\/\/www.pousadacajuva.com.br\/site\/wp-content\/uploads\/2020\/01\/10658920_700062976754638_404722355586994042_o.jpg 914w\" sizes=\"(max-width: 198px) 100vw, 198px\" \/>\n\t\t\t<\/dt><\/dl><br style=\"clear: both\" \/><dl class='gallery-item'>\n\t\t\t<dt class='gallery-icon portrait'>\n\t\t\t\t<img width=\"266\" height=\"300\" src=\"https:\/\/www.pousadacajuva.com.br\/site\/wp-content\/uploads\/2020\/01\/10648281_700052320089037_1179736259612693776_o-266x300.jpg\" class=\"attachment-medium size-medium\" alt=\"\" loading=\"lazy\" srcset=\"https:\/\/www.pousadacajuva.com.br\/site\/wp-content\/uploads\/2020\/01\/10648281_700052320089037_1179736259612693776_o-266x300.jpg 266w, https:\/\/www.pousadacajuva.com.br\/site\/wp-content\/uploads\/2020\/01\/10648281_700052320089037_1179736259612693776_o-908x1024.jpg 908w, https:\/\/www.pousadacajuva.com.br\/site\/wp-content\/uploads\/2020\/01\/10648281_700052320089037_1179736259612693776_o-768x866.jpg 768w, https:\/\/www.pousadacajuva.com.br\/site\/wp-content\/uploads\/2020\/01\/10648281_700052320089037_1179736259612693776_o-370x417.jpg 370w, https:\/\/www.pousadacajuva.com.br\/site\/wp-content\/uploads\/2020\/01\/10648281_700052320089037_1179736259612693776_o-600x676.jpg 600w, https:\/\/www.pousadacajuva.com.br\/site\/wp-content\/uploads\/2020\/01\/10648281_700052320089037_1179736259612693776_o.jpg 1109w\" sizes=\"(max-width: 266px) 100vw, 266px\" \/>\n\t\t\t<\/dt><\/dl><dl class='gallery-item'>\n\t\t\t<dt class='gallery-icon landscape'>\n\t\t\t\t<img width=\"300\" height=\"246\" src=\"https:\/\/www.pousadacajuva.com.br\/site\/wp-content\/uploads\/2020\/01\/10504970_700063580087911_5085634438353572001_o-300x246.jpg\" class=\"attachment-medium size-medium\" alt=\"\" loading=\"lazy\" srcset=\"https:\/\/www.pousadacajuva.com.br\/site\/wp-content\/uploads\/2020\/01\/10504970_700063580087911_5085634438353572001_o-300x246.jpg 300w, https:\/\/www.pousadacajuva.com.br\/site\/wp-content\/uploads\/2020\/01\/10504970_700063580087911_5085634438353572001_o-1024x841.jpg 1024w, https:\/\/www.pousadacajuva.com.br\/site\/wp-content\/uploads\/2020\/01\/10504970_700063580087911_5085634438353572001_o-768x631.jpg 768w, https:\/\/www.pousadacajuva.com.br\/site\/wp-content\/uploads\/2020\/01\/10504970_700063580087911_5085634438353572001_o-1536x1262.jpg 1536w, https:\/\/www.pousadacajuva.com.br\/site\/wp-content\/uploads\/2020\/01\/10504970_700063580087911_5085634438353572001_o-370x304.jpg 370w, https:\/\/www.pousadacajuva.com.br\/site\/wp-content\/uploads\/2020\/01\/10504970_700063580087911_5085634438353572001_o-600x493.jpg 600w, https:\/\/www.pousadacajuva.com.br\/site\/wp-content\/uploads\/2020\/01\/10504970_700063580087911_5085634438353572001_o.jpg 2048w\" sizes=\"(max-width: 300px) 100vw, 300px\" \/>\n\t\t\t<\/dt><\/dl><dl class='gallery-item'>\n\t\t\t<dt class='gallery-icon landscape'>\n\t\t\t\t<img width=\"300\" height=\"280\" src=\"https:\/\/www.pousadacajuva.com.br\/site\/wp-content\/uploads\/2020\/01\/10479493_700064106754525_3064147473369243610_o-300x280.jpg\" class=\"attachment-medium size-medium\" alt=\"\" loading=\"lazy\" srcset=\"https:\/\/www.pousadacajuva.com.br\/site\/wp-content\/uploads\/2020\/01\/10479493_700064106754525_3064147473369243610_o-300x280.jpg 300w, https:\/\/www.pousadacajuva.com.br\/site\/wp-content\/uploads\/2020\/01\/10479493_700064106754525_3064147473369243610_o-1024x955.jpg 1024w, https:\/\/www.pousadacajuva.com.br\/site\/wp-content\/uploads\/2020\/01\/10479493_700064106754525_3064147473369243610_o-768x716.jpg 768w, https:\/\/www.pousadacajuva.com.br\/site\/wp-content\/uploads\/2020\/01\/10479493_700064106754525_3064147473369243610_o-1536x1432.jpg 1536w, https:\/\/www.pousadacajuva.com.br\/site\/wp-content\/uploads\/2020\/01\/10479493_700064106754525_3064147473369243610_o-370x345.jpg 370w, https:\/\/www.pousadacajuva.com.br\/site\/wp-content\/uploads\/2020\/01\/10479493_700064106754525_3064147473369243610_o-600x560.jpg 600w, https:\/\/www.pousadacajuva.com.br\/site\/wp-content\/uploads\/2020\/01\/10479493_700064106754525_3064147473369243610_o.jpg 1766w\" sizes=\"(max-width: 300px) 100vw, 300px\" \/>\n\t\t\t<\/dt><\/dl>\n\t\t\t<br style='clear: both' \/>\n\t\t<\/div>\n\n","protected":false},"excerpt":{"rendered":"<p>A Pousada Cajuv\u00e1 \u00e9 de ambiente familiar, administrada pelos propriet\u00e1rios. O ambiente \u00e9 aconchegante e o atendimento \u00e9 um grande diferencial, feito com muito carinho e aten\u00e7\u00e3o. O caf\u00e9 da manh\u00e3 \u00e9 apreciado em um ambiente silencioso com vista panor\u00e2mica para as montanhas. A Pousada possui uma localiza\u00e7\u00e3o privilegiada sentido aos pontos tur\u00edsticos e apenas [&hellip;]<\/p>\n","protected":false},"author":1,"featured_media":0,"parent":0,"menu_order":0,"comment_status":"closed","ping_status":"closed","template":"","meta":[],"_links":{"self":[{"href":"https:\/\/www.pousadacajuva.com.br\/site\/wp-json\/wp\/v2\/pages\/655"}],"collection":[{"href":"https:\/\/www.pousadacajuva.com.br\/site\/wp-json\/wp\/v2\/pages"}],"about":[{"href":"https:\/\/www.pousadacajuva.com.br\/site\/wp-json\/wp\/v2\/types\/page"}],"author":[{"embeddable":true,"href":"https:\/\/www.pousadacajuva.com.br\/site\/wp-json\/wp\/v2\/users\/1"}],"replies":[{"embeddable":true,"href":"https:\/\/www.pousadacajuva.com.br\/site\/wp-json\/wp\/v2\/comments?post=655"}],"version-history":[{"count":20,"href":"https:\/\/www.pousadacajuva.com.br\/site\/wp-json\/wp\/v2\/pages\/655\/revisions"}],"predecessor-version":[{"id":687,"href":"https:\/\/www.pousadacajuva.com.br\/site\/wp-json\/wp\/v2\/pages\/655\/revisions\/687"}],"wp:attachment":[{"href":"https:\/\/www.pousadacajuva.com.br\/site\/wp-json\/wp\/v2\/media?parent=655"}],"curies":[{"name":"wp","href":"https:\/\/api.w.org\/{rel}","templated":true}]}}